8)/20 - -2) prime?
False
Let t(o) = 3628*o**2 - 54*o - 11. Is t(-5) prime?
False
Let i be -9*(58/(-3) - 4). Let c = 61 - i. Is c/(3 + 0 + -4) a composite number?
False
Let w = 513 + 232. Is w prime?
False
Let n(a) = a**3 - a**2 + a + 3. Let h be n(3). Suppose l - h = -l. Let v(d) = -d**3 + 13*d**2 + 3*d + 7. Is v(l) a composite number?
True
Is 358692/30*10/4 composite?
True
Let n = 471 - 333. Let z = n + -61. Is z/(-1)*(-2 - -1) a prime number?
False
Let c(h) = -673*h**3 - 2*h**2 - 31*h + 7. Is c(-4) prime?
False
Let c = -5426 - -11720. Let i = c - 4243. Is i a prime number?
False
Let z = 18 + -19. Let a = 32 + z. Is a a prime number?
True
Let g = 61 + -158. Let k(a) = a**3 - 24*a**2 + 45*a - 25. Let q be k(22). Let u = q - g. Is u composite?
True
Let s(z) = 9*z - 1. Let r be s(-2). Suppose 903 = 5*w - j, 3*w = 6*j - 2*j + 552. Let l = r + w. Is l a prime number?
False
Let h = -25 + 28. Suppose -3*g + 4*b = -17, -9 = -g - h*b + b. Let u(a) = 9*a + 2. Is u(g) prime?
False
Suppose 8*u + 192350 = 58*u. Is u a composite number?
False
Let b = 672 + -693. Let i = -7 - 0. Is 299 + i/(b/12) a prime number?
False
Let m(b) = 5*b + 7. Let o be m(-2). Is 191/(1 - (o + 3)) prime?
True
Let t be (66/(-27))/(-11) - 22579/(-9). Let y = t - -453. Is y a prime number?
False
Is (-36)/(-486) - 4233725/(-135) composite?
True
Let t(p) = -p**3 + 2*p**2 + 3*p + 1. Let i be t(3). Let b(y) = i + 0*y**2 + 0 + 22*y**3 + 0*y**2 - 2*y**2. Is b(1) a composite number?
True
Let u be 1/(-2)*(-1 + 1). Let s(c) = -8*c + 104. Let z be s(13). Suppose z = -5*r - u*r + 2405. Is r a composite number?
True
Let x(j) be the third derivative of j**5/30 + j**4/12 - j**3/6 - j**2. Let u(p) = p**3 + 11*p**2 - 11*p + 3. Let f be u(-12). Is x(f) a prime number?
False
Let k(z) be the first derivative of -z**4/4 - z**3 - 3*z**2/2 - 2*z + 3. Let p be k(-2). Suppose p*m + 3*m = 30. Is m a composite number?
True
Is (-814)/(-154)*(3 - -32) a composite number?
True
Let i = 39 + -30. Let s(t) = 2*t**3 - 8*t**2 - 6*t - 11. Is s(i) a composite number?
True
Let g be 4 + 1 - 1 - 4. Suppose 2*u - 4215 = -5*x, g = u + u + 4*x - 4210. Is u composite?
True
Suppose 3*u - 4*u = -6. Is 1/u + -1829*5/(-30) a prime number?
False
Let f be (-46)/(-2) - (11 + -7). Let x(q) = q**3 - 17*q**2 + 14*q - 11. Is x(f) a prime number?
True
Suppose 41 + 11 = -4*z - 4*g, -2*z - 23 = 5*g. Let f(r) = 96*r - 26. Let n be f(z). Let k = n + 2083. Is k prime?
False
Let w(t) = t**2 - 13. Let h be w(0). Suppose -5*f + 131 = -3*x, -2*x - f = 3*x + 265. Is (-75)/(-4) + h/x a composite number?
False
Let j(l) = l**2 + 13*l - 9. Let y be j(-14). Let s(x) = -3*x - 1 + 3*x + y*x + 65*x**2 - 6*x. Is s(2) a prime number?
True
Let y be (-6)/14 + 3 + (-774)/(-42). Suppose -5*b - 94672 = -y*b. Is b composite?
True
Suppose 5*h - 5*g = 30, 10*h - 5*h - 4*g - 26 = 0. Suppose 2*x = -5*u + 554, -4*x = -5*x - h*u + 279. Is x a composite number?
True
Suppose 0 = -12*z + 4*z + 47768. Is z a composite number?
True
Suppose -5*c + 508 + 13667 = 0. Suppose 12828 = 4*d - 4*t, -388 = -d + 5*t + c. Is d a composite number?
False
Let c be (-17)/(-4) + 7/(-28). Let g = c - -5. Suppose -g*h + 4*h = -425. Is h a composite number?
True
Let u(j) = -31*j**2 - j - 2 + j - 4*j + 30*j**2. Let q be u(-2). Suppose -w = -4*o + 265, 0*o - o + 73 = q*w. Is o a prime number?
True
Let a = 1407 + 2164. Is a composite?
False
Let o(c) = -60*c - 36*c + 36*c - 5. Let u be o(-2). Suppose -3*t - x = -u - 116, 2*t - 154 = x. Is t a prime number?
False
Suppose 3*x = 3*r + 579, x - 46 - 143 = -r. Is x composite?
False
Let k(m) = -m**3 + 12*m**2 + 17*m - 17. Let y be -116*(-5)/(1 - -9). Suppose -3*o = 5*d - 54, 5*d - 5*o - y = 12. Is k(d) prime?
False
Let s(u) = -29*u**3 - 3*u**2 - 11*u + 13. Is s(-4) a prime number?
False
Let r(l) be the third derivative of -91*l**4/24 - 2*l**3 - 8*l**2. Is r(-11) prime?
False
Let l(q) = q - 1. Suppose 4*p + 10 + 22 = 4*o, -p - 17 = -4*o. Let j be l(o). Suppose 1329 = j*u + u. Is u composite?
False
Let c = 2946 - -963. Is c prime?
False
Suppose -3*p - 770 = 4*n, -758 = 8*n - 4*n - 3*p. Let q = n + 334. Is q a composite number?
True
Suppose 2 - 5 = -3*r + t, 4*r - 3*t = -1. Suppose 5*c = -26 + 41. Suppose r*m + c*m - 2135 = 0. Is m composite?
True
Let d = 93272 - 55425. Is d composite?
False
Suppose -4*w = -26*w + 28094. Is w a prime number?
True
Let p be 5 - (-5)/(-15)*9. Suppose 2044 = 5*t + 3*c, 4*t = p*t - 3*c + 823. Is t a prime number?
False
Let i(v) = 70*v - 2. Let p be 2/1*(-12)/30*-5. Is i(p) prime?
False
Suppose 1708 = u - 13*i + 16*i, -u + 3*i = -1678. Is u composite?
False
Let o be -7 + -1*6/(-3). Let m be ((-1)/o)/(1/5). Is (-71)/(-3)*(m + 14) composite?
True
Suppose 51*s - 107487 - 49134 = 0. Is s a composite number?
True
Let m = 127 + 1223. Suppose 7*g - m = 1247. Is g composite?
True
Let a(w) = -1910*w + 91. Let b(m) = 637*m - 30. Let f(g) = -3*a(g) - 8*b(g). Is f(5) composite?
False
Suppose -11*k = -59*k + 1575888. Is k a prime number?
True
Let j(f) = 2*f + 18. Let q be j(0). Suppose 9*o - q - 1593 = 0. Is o composite?
False
Suppose 4*v - 12 = v. Suppose -3*i - 2*s = -241, -4*i - v*s - 175 = -491. Is i a composite number?
False
Suppose -405 - 4935 = -3*o + 2*l, -o + 1775 = l. Suppose -6*j + o + 1216 = 0. Is j prime?
True
Suppose 32*k = 29*k + 894. Is k a prime number?
False
Suppose 0 = 3*g - g. Suppose 0 = -4*x - g*s + 2*s + 1278, 4*x - 3*s = 1279. Is x prime?
False
Suppose 4*y + 5*n - 18767 = -7007, 5874 = 2*y + n. Is y a prime number?
False
Let d be 1845/12 - ((-30)/(-8) + -4). Suppose 2*j - 4*j = -d. Is j a prime number?
False
Suppose -c - 2 - 2 = 0, -138 = -3*d + 3*c. Is ((-16863)/d)/(2/(-4)) a composite number?
True
Let h be 146/(-12) - (21/(-18))/7. Is 909 + (-8)/h*-3 a prime number?
True
Let p = 92 - -1059. Is p a prime number?
True
Let m be -3*(-4)/3 + 503 + 1. Let l = m - 191. Is l prime?
True
Let f = 43 - 36. Suppose f*h - 5*h = 114. Is h prime?
False
Suppose 0 = 2*c + 2*c. Suppose 4*z + 2*i + 444 = c, -4*z = -z + 4*i + 338. Let x = 163 + z. Is x a composite number?
False
Let o(w) = -w**3 + 7*w**2 + 10*w + 15. Let d be o(13). Let l = -400 - d. Is l composite?
True
Let k = -570 - -935. Is k prime?
False
Let z = 12 + -12. Suppose 4*s + 259 - 903 = z. Is s a prime number?
False
Let c be ((-1)/5*2)/((-3)/1695). Let u = c - -347. Is u a composite number?
True
Let x(l) = 16*l**3 - 11*l**2 - 18*l - 11. Is x(12) a composite number?
True
Let z(b) = -39*b**3 - 2*b**2 - 3*b - 3. Suppose -15 = 5*q + 2*s + 4, 4*s - 4 = 4*q. Is z(q) a composite number?
True
Let d(x) = -x**2 - 8*x + 7. Let i be d(-8). Let k be -2*i*(-29)/(-2). Let z = 194 - k. Is z composite?
False
Suppose 92 = 4*c + 4. Let u = c + 2. Is (69/9)/(4/u) prime?
False
Let u be (-285)/30*(1 + -3). Let o(k) = -16*k**2 + 3 + 0*k + 7*k**3 + 3*k + 13*k**2 - u*k**3. Is o(-3) prime?
False
Suppose 44*r - 37*r - 40957 = 0. Is r composite?
False
Let x(d) = -930*d + 65. Is x(-4) composite?
True
Suppose l - 7202 = -l. Is l a prime number?
False
Is (9/6)/((-12)/94048*-4) a composite number?
False
Let q be -289 + -4 - (5 - 1). Let l = 868 + q. Is l prime?
True
Let c = 5 + -5. Suppose -7*j + 12*j = 185. Suppose c = -2*d + d + j. Is d composite?
False
Let l(w) = 26*w**2 - 6*w + 11. Is l(28) composite?
True
Let q(p) = -371*p**3 + 2*p**2 + 4. Let b be q(-2). Suppose 0 = -77*f + 73*f + b. Is f a prime number?
False
Let p(m) = 237*m - 2. Let x(f) = -118*f + 1. Let u = 0 - 9. Let j(c) = u*x(c) - 4*p(c). Is j(1) composite?
False
Let m(r) = -r**3 + 4*r**2 + 4*r + 3. Let a be m(5). Let g be (-9)/(a + 10/6). Suppose 0 = -2*k - 5*j + g, -3*k + 0*k - j = -60. Is k prime?
False
Is (-6 - 0) + 9 + 3900 a composite number?
True
Is (5793/12)/((-3)/(-12)) composite?
False
Let o = -136 - -1829. Is o a prime number?
True
Is -11 + (-167545)/(-7) + 5 composite?
False
Let z = -5 - -8. Let t = 1237 - 1225. Suppose 0*i + t = -z*i, 2*q = i + 158. Is q composite?
True
Let i(u) = -752*u + 77. Is i(-3) prime?
True
Let s(w) = 3*w**2 - 4*w - 4. Let d be s(4). Let b = d - -471. Is b prime?
True
Let m = 54 - 49. Suppose -4*t = -j - 2*j - 1339, t - m*j = 356. Is t prime?
True
Suppose j + 3551 = 5*t - 13761, -5*t - 3*j = -17324. Is t a prime number?
True
Let o be 0*2/(-4) + -326. Let m(d) = -18*d**2 + 255*d - 9. Let z be m(16)